{"id":1261,"date":"2025-04-08T10:16:29","date_gmt":"2025-04-08T08:16:29","guid":{"rendered":"https:\/\/viviennerousselle.com\/?page_id=1261"},"modified":"2025-04-08T10:16:46","modified_gmt":"2025-04-08T08:16:46","slug":"politique-de-confidentialite","status":"publish","type":"page","link":"https:\/\/viviennerousselle.com\/index.php\/politique-de-confidentialite\/","title":{"rendered":"Politique de confidentialit\u00e9"},"content":{"rendered":"\n<h2 class=\"wp-block-heading\">Mentions l\u00e9gales<\/h2>\n\n\n\n<h3 class=\"wp-block-heading\">\u00c9diteur du site<\/h3>\n\n\n\n<p>Le site <a href=\"https:\/\/viviennerousselle.com\/\">https:\/\/viviennerousselle.com\/<\/a> est \u00e9dit\u00e9 par :<br><strong>Vivienne Pujol Rousselle<\/strong>, artiste-auteur<br><strong>Adresse<\/strong> : L&rsquo;atelier des \u00e9tangs, Mas de Ste-Croix, 11130 Sigean, France<br><strong>Email<\/strong> : <a href=\"mailto:vivienne.r@orange.fr\">vivienne.r@orange.fr<\/a><br><strong>Num\u00e9ro de t\u00e9l\u00e9phone<\/strong> : 04.68.40.66.39<br><strong>Directeur de la publication<\/strong> : Thomas Lyra<\/p>\n\n\n\n<h3 class=\"wp-block-heading\">H\u00e9bergeur<\/h3>\n\n\n\n<p>Le site est h\u00e9berg\u00e9 par :<br><strong>OVH<\/strong><br><strong>Adresse<\/strong> : 2 rue Kellermann, 59100 Roubaix, France<br><strong>Num\u00e9ro de t\u00e9l\u00e9phone<\/strong> : 09 72 10 10 07<\/p>\n\n\n\n<h3 class=\"wp-block-heading\">Propri\u00e9t\u00e9 intellectuelle<\/h3>\n\n\n\n<p>Tous les contenus pr\u00e9sents sur ce site (textes, images, vid\u00e9os, logos, etc.) sont prot\u00e9g\u00e9s par des droits d\u2019auteur et sont la propri\u00e9t\u00e9 exclusive de Vivienne Pujol Rousselle, sauf mention contraire. Toute reproduction ou repr\u00e9sentation totale ou partielle de ce site sans autorisation est interdite.<\/p>\n\n\n\n<hr class=\"wp-block-separator has-alpha-channel-opacity\"\/>\n\n\n\n<h3 class=\"wp-block-heading\">1. Collecte des donn\u00e9es personnelles<\/h3>\n\n\n\n<p>Le site collecte des donn\u00e9es personnelles uniquement via le formulaire de contact. Ces donn\u00e9es comprennent :<\/p>\n\n\n\n<ul class=\"wp-block-list\">\n<li>Nom<\/li>\n\n\n\n<li>Pr\u00e9nom<\/li>\n\n\n\n<li>Adresse e-mail<\/li>\n\n\n\n<li>Num\u00e9ro de t\u00e9l\u00e9phone<\/li>\n\n\n\n<li>Message<\/li>\n<\/ul>\n\n\n\n<h3 class=\"wp-block-heading\">2. Finalit\u00e9s de la collecte des donn\u00e9es<\/h3>\n\n\n\n<p>Les donn\u00e9es collect\u00e9es via le formulaire de contact sont utilis\u00e9es uniquement pour <strong>recontacter<\/strong> les utilisateurs afin de r\u00e9pondre \u00e0 leurs demandes.<\/p>\n\n\n\n<h3 class=\"wp-block-heading\">3. Cookies<\/h3>\n\n\n\n<p>Ce site utilise des <strong>cookies<\/strong> afin d&rsquo;am\u00e9liorer l&rsquo;exp\u00e9rience de navigation, r\u00e9aliser des statistiques de visites et garantir le bon fonctionnement du site. Vous pouvez g\u00e9rer vos pr\u00e9f\u00e9rences en mati\u00e8re de cookies \u00e0 tout moment via le module de gestion des cookies.<\/p>\n\n\n\n<h3 class=\"wp-block-heading\">4. Dur\u00e9e de conservation des donn\u00e9es<\/h3>\n\n\n\n<p>Les donn\u00e9es personnelles collect\u00e9es via le formulaire de contact sont conserv\u00e9es pendant une dur\u00e9e maximale de <strong>1 an<\/strong>.<\/p>\n\n\n\n<h3 class=\"wp-block-heading\">5. Droits des utilisateurs<\/h3>\n\n\n\n<p>Conform\u00e9ment \u00e0 la l\u00e9gislation sur la protection des donn\u00e9es personnelles, les utilisateurs disposent d\u2019un droit d\u2019acc\u00e8s, de rectification, et de suppression des donn\u00e9es les concernant. Pour exercer ces droits, veuillez envoyer un e-mail \u00e0 <strong><a href=\"mailto:vivienne.r@orange.fr\">vivienne.r@orange.fr<\/a><\/strong>.<\/p>\n\n\n\n<h3 class=\"wp-block-heading\">6. Utilisation de services tiers<\/h3>\n\n\n\n<p>Ce site utilise <strong>Google Maps<\/strong> pour afficher des cartes interactives. Google collecte et traite des donn\u00e9es personnelles conform\u00e9ment \u00e0 sa propre politique de confidentialit\u00e9. Pour plus d\u2019informations sur l\u2019utilisation de vos donn\u00e9es, veuillez consulter la <a href=\"https:\/\/policies.google.com\/privacy\">politique de confidentialit\u00e9 de Google<\/a>.<\/p>\n","protected":false},"excerpt":{"rendered":"<p>Mentions l\u00e9gales \u00c9diteur du site Le site https:\/\/viviennerousselle.com\/ est \u00e9dit\u00e9 par :Vivienne Pujol Rousselle, artiste-auteurAdresse : L&rsquo;atelier des \u00e9tangs, Mas de Ste-Croix, 11130 Sigean, FranceEmail : vivienne.r@orange.frNum\u00e9ro de t\u00e9l\u00e9phone : 04.68.40.66.39Directeur de la publication : Thomas Lyra H\u00e9bergeur Le site est h\u00e9berg\u00e9 par :OVHAdresse : 2 rue Kellermann, 59100 Roubaix, FranceNum\u00e9ro de t\u00e9l\u00e9phone : 09&#8230;<\/p>\n","protected":false},"author":2,"featured_media":0,"parent":0,"menu_order":0,"comment_status":"closed","ping_status":"closed","template":"","meta":{"_kad_post_transparent":"","_kad_post_title":"","_kad_post_layout":"","_kad_post_sidebar_id":"","_kad_post_content_style":"","_kad_post_vertical_padding":"","_kad_post_feature":"","_kad_post_feature_position":"","_kad_post_header":false,"_kad_post_footer":false,"footnotes":""},"class_list":["post-1261","page","type-page","status-publish","hentry"],"_links":{"self":[{"href":"https:\/\/viviennerousselle.com\/index.php\/wp-json\/wp\/v2\/pages\/1261","targetHints":{"allow":["GET"]}}],"collection":[{"href":"https:\/\/viviennerousselle.com\/index.php\/wp-json\/wp\/v2\/pages"}],"about":[{"href":"https:\/\/viviennerousselle.com\/index.php\/wp-json\/wp\/v2\/types\/page"}],"author":[{"embeddable":true,"href":"https:\/\/viviennerousselle.com\/index.php\/wp-json\/wp\/v2\/users\/2"}],"replies":[{"embeddable":true,"href":"https:\/\/viviennerousselle.com\/index.php\/wp-json\/wp\/v2\/comments?post=1261"}],"version-history":[{"count":2,"href":"https:\/\/viviennerousselle.com\/index.php\/wp-json\/wp\/v2\/pages\/1261\/revisions"}],"predecessor-version":[{"id":1263,"href":"https:\/\/viviennerousselle.com\/index.php\/wp-json\/wp\/v2\/pages\/1261\/revisions\/1263"}],"wp:attachment":[{"href":"https:\/\/viviennerousselle.com\/index.php\/wp-json\/wp\/v2\/media?parent=1261"}],"curies":[{"name":"wp","href":"https:\/\/api.w.org\/{rel}","templated":true}]}}